of j(-59).
7, 857
Let r = -1 + 6. Suppose -9 = -4*o - r. List the prime factors of 3/(-3) - (o - 32).
2, 3, 5
Let b = -91 - -136. List the prime factors of 1/(-4) + b/20 + 37.
3, 13
Suppose -1 = 2*w - 0*w + 5*j, 0 = w + 2*j. Let m(d) = 69*d - 2. What are the prime factors of m(w)?
2, 17
Let w(h) = -30*h**3 - h**2 + 3*h - 2. Let z be w(1). Let m = 4 - z. What are the prime factors of m?
2, 17
Suppose 5*l + 106 = -14. Let w = 141 + l. What are the prime factors of w?
3, 13
Let z(a) = -6*a**3 - 2*a**2 + 1. Suppose 0 = -3*u + 2 - 5. Let k be z(u). List the prime factors of k + -3 + 24*1.
2, 13
Let z be 2 - 2 - 0/(1/(-1)). List the prime factors of 91 + (-2 - -2) + z/(-1).
7, 13
Let z(d) = d**3 - 21*d**2 + 4*d. What are the prime factors of z(21)?
2, 3, 7
Let q = -5432 + 7760. What are the prime factors of q?
2, 3, 97
Let f(r) = -r**2 - 16*r - 1. Let c(x) = x**2 - 12*x + 5. Let j be c(10). What are the prime factors of f(j)?
2, 7
Let g(k) be the second derivative of -5/3*k**3 - 6*k + 0 - 1/12*k**4 + 3/2*k**2. List the prime factors of g(-8).
19
Let x = 3503 + -1387. What are the prime factors of x?
2, 23
Suppose 0 = 82*m - 92*m + 2850. What are the prime factors of m?
3, 5, 19
Suppose 3*f + 253 = f + 3*i, -456 = 4*f + 4*i. Let y = -54 - f. What are the prime factors of y?
5, 13
Let o = 17 + -17. Suppose -4*w + 0*w + 4 = o. List the prime factors of w + 2 - 3 - -45.
3, 5
Let f(t) = 754*t - 178. What are the prime factors of f(8)?
2, 2927
Let j = -1052 + 2592. What are the prime factors of j?
2, 5, 7, 11
Let u(m) = 22*m**2 + 20*m - 44. What are the prime factors of u(6)?
2, 7, 31
Let r(u) = 2*u**2 - 6*u + 3. Let m be r(3). Suppose 4*c + 5*k = 217, 6*c = c - m*k + 281. What are the prime factors of c?
2, 29
Suppose 5*u - 260 = 2*d - 55, -5*d + 3*u = 503. List the prime factors of ((-10)/25 - 0)/(2/d).
2, 5
Let o(c) = c - 1. Let r(u) = -12*u - 8. Let w(a) = 10*o(a) + r(a). Let n be w(-13). Suppose 40 = m - n. List the prime factors of m.
2, 3
What are the prime factors of (-5)/(-4)*404 + 1?
2, 11, 23
Let d(k) = 2*k**2 - k - 10. Let w be d(3). Suppose 9*i - w*i = 320. List the prime factors of i.
2, 5
Let u(z) = z**2 + 21*z - 18. What are the prime factors of u(-29)?
2, 107
Suppose -12*y = 7773 - 21513. What are the prime factors of y?
5, 229
Let t = 1544 + 655. List the prime factors of t.
3, 733
Let y(g) = g**2 + 9*g - 17. What are the prime factors of y(19)?
5, 103
Let z = 13 + -9. Suppose 9*m = z*m. Suppose -5*n + m*n = -65. List the prime factors of n.
13
Let k(f) be the third derivative of f**4/8 + f**3/3 + 5*f**2. Let u be k(14). List the prime factors of 3 + -3 + u/4.
11
Suppose -3*f - 29 = -539. Let v = -79 + f. What are the prime factors of v?
7, 13
Let j = 10459 - 4375. What are the prime factors of j?
2, 3, 13
Suppose -3*w = -8*w + 20, 5*w = -2*z + 140. Let s = -32 + z. What are the prime factors of s?
2, 7
Let l(c) = 2*c**2 + 16*c + 12. Suppose -5*a = -47 + 7. List the prime factors of l(a).
2, 67
Let u(h) = h**2 - 6. Let z be u(-3). Let g(i) = 3 - 16 + i**2 + 3*i + 0 + z*i. What are the prime factors of g(-10)?
3
Let p(t) = 104*t + 3. Let f(k) = 53*k + 1. Let c(y) = -5*f(y) + 3*p(y). What are the prime factors of c(3)?
5, 29
What are the prime factors of ((-89)/(-3))/((-45)/(-2835))?
3, 7, 89
Suppose 52 = 2*y - 4*c, -3*y + 1 = 4*c - 107. Let n = y - 9. What are the prime factors of n?
23
Suppose 19*j = 7336 - 249. What are the prime factors of j?
373
Suppose 3*h = -5*v - 537, v = 5*h + 16 - 101. Let w = -136 + 283. Let g = v + w. List the prime factors of g.
2, 3, 7
Let w(o) = o**3 + 2*o**2 + 3*o. Let s be w(-3). Let g = 14 + s. Let i(t) = t**3 + 5*t**2 + t - 2. What are the prime factors of i(g)?
2, 5
Suppose -f + 4*y = -2*f + 13, 3*y + 3 = -5*f. List the prime factors of f + (0 + 1)/(2/314).
2, 7, 11
Let a(n) = 18*n**3 - n**2 - 15*n + 36. What are the prime factors of a(3)?
2, 3, 13
Suppose -4*s + 3*s = 12. List the prime factors of 181*((-20)/s + 10/(-15)).
181
Let i = 930 + -74. List the prime factors of i.
2, 107
Suppose -62*i + 1505 = -55*i. What are the prime factors of i?
5, 43
Let f(q) = q**3 - 11*q**2 - 13*q + 14. Let p be f(12). Let o be 0 - (p + -6) - 2. Suppose -12 = -o*h + 3*a, 3*h = -h + 5*a + 22. List the prime factors of h.
3
Suppose -5*z - 7 = -8*z - 5*d, -4*z - 4*d = 4. List the prime factors of 4/2*(-213)/z.
71
Suppose -4*y + 8 = -2*q - 0*y, -4 = 4*y. Let i be (-52)/q - (-1)/3. Suppose 4*o + 4*u - i = 51, -55 = -4*o - 3*u. What are the prime factors of o?
2, 5
Let n be (0 + -8)*6/(-4). Suppose n*d = 591 + 705. What are the prime factors of d?
2, 3
Let m(i) = -8*i - 1. Let p be m(1). Let h = -9 - p. Let k(u) = u**3 + u**2 + 28. List the prime factors of k(h).
2, 7
Let c be (94/4)/(1/10). Let x = c + -120. Let q = x - 60. List the prime factors of q.
5, 11
Let v be 1/((-2)/4) + -74. Suppose -252 = 5*h - 2*f, -4*h + 0*f - 220 = 3*f. Let k = h - v. List the prime factors of k.
2, 3
Let b be (1/2)/((-2332)/584 + 4). Let y = b + -55. List the prime factors of y.
2, 3
Let k(u) be the first derivative of -7*u**2/2 + 9*u - 16. What are the prime factors of k(-6)?
3, 17
Suppose -5*o = 4*h - 15, o = -3*o + 12. Suppose 5*t + 5 = h, 0 = 4*j + 3*t - 195 - 130. List the prime factors of j.
2, 41
Let z be 3 - (1 - (-1 + 6)). Suppose z*w = 55 + 372. List the prime factors of w.
61
Suppose -l - 7 + 3 = 0. What are the prime factors of (-11)/l - (-7)/28?
3
Let j(x) = x**3 - 5*x**2 - 7*x + 13. Let f be j(6). Suppose -3*u + 34 - f = -q, -5*u = -4*q - 52. List the prime factors of u.
2
Let p(c) = -2*c - 65. Let v be p(-20). Let k(i) = i**3 + 25*i**2 - 14*i - 20. What are the prime factors of k(v)?
2, 3, 5, 11
Suppose -6*j + 8*j - 2*w - 686 = 0, -5*j - 2*w + 1736 = 0. What are the prime factors of j?
2, 173
Let p be -7*(-3)/(42/4). Let u be 3 + -8 + 2/p. Let m(q) = 2*q**2 + q + 2. What are the prime factors of m(u)?
2, 3, 5
Let b be 228/(-6)*(-14)/4. Suppose -b = -2*z + m + 4*m, -z + 3*m + 67 = 0. List the prime factors of z.
2
Let q(i) = 11*i**2 + 14. List the prime factors of q(9).
5, 181
Let i = 118 - 0. Let v = i - 46. What are the prime factors of v?
2, 3
Let g(s) = 27*s**2 - 2*s - 1. Let t be g(-1). Let n = t + 100. List the prime factors of n.
2
Let j(d) = d. Let l be j(2). Suppose o + l*o - 459 = 0. Suppose 3*w + 39 = a, -3*a - w - o = -8*a. List the prime factors of a.
2, 3, 5
Let j = -91 + 122. Let y = 58 - j. List the prime factors of y.
3
Let n(i) = 3*i - 46. Let y be n(15). Let j(x) = 75*x**2 - 10*x - 9. List the prime factors of j(y).
2, 19
Let j = -910 - -1321. What are the prime factors of j?
3, 137
Suppose 0 = -4*y - 12, 2*z + 2*y - 6 + 2 = 0. Let h(g) = 11*g + 5*g**2 + z*g**2 - 9*g + g**2. What are the prime factors of h(-2)?
2, 5
Suppose -2*i + 1565 = 3*t, 4*i - 1038 = -9*t + 7*t. What are the prime factors of t?
523
Let m(j) = -j**3 + 0*j - 6*j**2 + 8*j + 0*j**2 - j. Let s be m(-7). Suppose -u + 4*c + 48 = 0, s*u = 3*u + 5*c - 127. List the prime factors of u.
2, 11
Let w(v) = -v**3 + 3*v**2 + 4*v + 2. Let u be w(4). Let s(q) = -3*q - 5. Let y be s(-8). List the prime factors of (y*1)/(3 - u).
19
Let i(o) = -10*o**3 + 3*o**2 + 6*o + 1. Let h be (-4)/(-16) - 18/8. What are the prime factors of i(h)?
3
Let a be (2 + 48)*((-256)/(-20))/1. Suppose a = 7*o - 3*o. List the prime factors of o.
2, 5
Let p(o) = 54*o**2 + 2*o + 1. Let r be p(-1). What are the prime factors of (-4 - 0/(-1)) + r?
7
Suppose -5*r = -2*r. Let t(k) = -5*k**2 + 4*k - 12. Let n be t(2). Let z = r - n. What are the prime factors of z?
2, 3
Let h be 1/3 + (-22)/(-6). Let g(z) = z**3 - 4*z**2 + 1. Let i be g(1). What are the prime factors of (h/(-8))/(i/76)?
19
Let f(w) = w**2 + 18*w - 140. List the prime factors of f(15).
5, 71
Suppose p + 21 = g, -2*g + 67 = -0*g + 3*p. Let r = 31 + g. What are the prime factors of r?
3, 19
Let o be 2 - (0 + 4 + -60) - 2. Let g = o - -27. What are the prime factors of g?
83
What are the prime factors of (-2549240)/(-1818) + (0 - (-2)/(-9))?
2, 701
Let a(l) = 4*l**2 + 8*l - 5. Let f(x) = -17*x**2 - 33*x + 21. Let g(y) = 9*a(y) + 2*f(y). List the prime factors of g(2).
17
Let k(m) = 8*m. Let i be k(-3). Let n = -22 - i. Suppose 54 = d + d + 4*t, 0 = n*d - 4*t - 54. List the prime factors of d.
3
Suppose 4*y - 3*j - 3049 =